{"id":26,"date":"2023-11-02T10:10:50","date_gmt":"2023-11-02T10:10:50","guid":{"rendered":"https:\/\/cavalierieamoretti.com\/?page_id=26"},"modified":"2023-11-02T11:07:51","modified_gmt":"2023-11-02T11:07:51","slug":"home","status":"publish","type":"page","link":"https:\/\/cavalierieamoretti.com\/","title":{"rendered":"Home"},"content":{"rendered":"\n<p><strong>La storia della Cavalieri &amp; Amoretti inizia tra il 1957 ed il 1958, quando il sig. Gemmino Cavalieri e la moglie, Wilma Berselli, diventarono soci della ditta Falsini e Cattani.&nbsp;<\/strong><br>Quel primo passo verso le proprie aspirazioni imprenditoriali, cambi\u00f2 le sorti della vecchia azienda: i<strong>nfatti alla fine del 1958 I coniugi Cavalieri e Berselli rilevarono interamente la Falsini e Cattani diventandone titolari a tutti gli effetti. Con la nascita di Cavalieri &amp; Berselli era nata anche una nuova era per la famiglia Cavalieri; la loro attivit\u00e0 imprenditoriale inizi\u00f2 con la consapevolezza che con volont\u00e0, tenacia, dinamismo e alta qualit\u00e0 del prodotto avrebbero potuto dimostrare le reali capacit\u00e0 aziendali e familiari.&nbsp;<\/strong><br>Dalla produzione uscivano <strong>bellissimi barattoli per dolciumi ed alcune tra le pi\u00f9 raffinate scatole in cartone destinate alla profumeria<\/strong>. &nbsp;I dettagli in tessuto, le lavorazioni manuali, l\u2019alta qualit\u00e0 dei materiali, conferivano a questi articoli una preziosit\u00e0 ed un altissimo valore, necessari per posizionarsi nel settore del lusso.<br>Alla fine degli anni \u201980 la storia aziendale e familiare ebbe una nuova svolta: il figlio di Gemmino, Gian Luca e la moglie Rita Matta entrarono in azienda dando vita ad una nuova visione aziendale che, tramite acquisizioni e scelte di sviluppo, rese la Cavalieri un\u2019azienda inimitabile sotto molti punti di vista.<br><strong>Alla fine degli anni \u201990 l\u2019acquisizione dello scatolificio Pocaterra fece s\u00ec che la Cavalieri intraprendesse la produzione delle scatole rotonde nella quale Pocaterra era altamente specializzata e acquisendone il know how e i macchinari, ebbe la possibilit\u00e0 di produrre ad arte una delle forme pi\u00f9 difficili nel mondo delle scatole.<\/strong><br>Nel 2001 in seguito alla fusione con la LITO TIPO Amoretti, Cavalieri crebbe ancora, diventando cos\u00ec Cavalieri &amp; Amoretti, una delle aziende maggiormente conosciute a livello internazionale per la produzione di scatole tonde e cofanetti di lusso.&nbsp;<br>L\u2019alto livello tecnologico raggiunto nel tempo, consent\u00ec una produzione altamente specializzata di scatole in cartone rivestite per i settori del lusso.&nbsp;<br>Con l\u2019acquisizione nel 2016 di Litostampa srl, la Cavalieri &amp; Amoretti complet\u00f2 il suo ventaglio di conoscenze e specializzazioni nel mondo della stampa, andando ad aggiungere alle loro capacit\u00e0, lavorazioni quali la serigrafia, l\u2019offset uv, la stampa a caldo, ecc.&nbsp;<br>Una storia di crescita cos\u00ec degna di nota ed attenta al dettaglio ha fatto s\u00ec che il portfolio clienti risulti essere, ad oggi, altrettanto interessante: Acqua di Parma, Louis Vuitton, Christian Dior, Davines, sono solo alcuni dei nomi pi\u00f9 prestigiosi per cui l\u2019azienda produce le sue piccole opere d\u2019arte.<br><strong>Nel 2019 la Cavalieri &amp; Amoretti \u00e8 stata infine acquisita dal Gruppo Pusterla 1880, un gruppo italiano, leader europeo nella produzione degli imballaggi di lusso, <\/strong>che grazie a questa annessione ha avuto modo di ampliare la propria offerta, aggiungendo alle proprie capacit\u00e0 produttive il mondo dei cofanetti tondi, riuscendo cos\u00ec a fornire al cliente servizi e prodotti che guardano ad economie di scala e a sinergie cos\u00ec fuori dall\u2019ordinario in un settore specializzato.<strong>.&nbsp;<\/strong><\/p>\n","protected":false},"excerpt":{"rendered":"<p>La storia della Cavalieri &amp; Amoretti inizia tra il 1957 ed il 1958, quando il sig. Gemmino Cavalieri e la moglie, Wilma Berselli, diventarono soci della ditta Falsini e Cattani.&nbsp;Quel primo passo verso le proprie aspirazioni imprenditoriali, cambi\u00f2 le sorti della vecchia azienda: infatti alla fine del 1958 I coniugi Cavalieri e Berselli rilevarono interamente la Falsini e Cattani diventandone titolari a tutti gli effetti. Con la nascita di Cavalieri &amp; Berselli era nata anche una nuova era per la famiglia Cavalieri; la loro attivit\u00e0 imprenditoriale inizi\u00f2 con la consapevolezza che con volont\u00e0, tenacia, dinamismo e alta qualit\u00e0 del prodotto avrebbero potuto dimostrare le reali capacit\u00e0 aziendali e familiari.&nbsp;Dalla produzione uscivano bellissimi barattoli per dolciumi ed alcune tra le pi\u00f9 raffinate scatole in cartone destinate alla profumeria. &nbsp;I dettagli in tessuto, le lavorazioni manuali, l\u2019alta qualit\u00e0 dei materiali, conferivano a questi articoli una preziosit\u00e0 ed un altissimo valore, necessari per posizionarsi nel settore del lusso.Alla fine degli anni \u201980 la storia aziendale e familiare ebbe una nuova svolta: il figlio di Gemmino, Gian Luca e la moglie Rita Matta entrarono in azienda dando vita ad una nuova visione aziendale che, tramite acquisizioni e scelte di sviluppo, rese la Cavalieri un\u2019azienda inimitabile sotto molti punti di vista.Alla fine degli anni \u201990 l\u2019acquisizione dello scatolificio Pocaterra fece s\u00ec che la Cavalieri intraprendesse la produzione delle scatole rotonde nella quale Pocaterra era altamente specializzata e acquisendone il know how e i macchinari, ebbe la possibilit\u00e0 di produrre ad arte una delle forme pi\u00f9 difficili nel mondo delle scatole.Nel 2001 in seguito alla fusione con la LITO TIPO Amoretti, Cavalieri crebbe ancora, diventando cos\u00ec Cavalieri &amp; Amoretti, una delle aziende maggiormente conosciute a livello internazionale per la produzione di scatole tonde e cofanetti di lusso.&nbsp;L\u2019alto livello tecnologico raggiunto nel tempo, consent\u00ec una produzione altamente specializzata di scatole in cartone rivestite per i settori del lusso.&nbsp;Con l\u2019acquisizione nel 2016 di Litostampa srl, la Cavalieri &amp; Amoretti complet\u00f2 il suo ventaglio di conoscenze e specializzazioni nel mondo della stampa, andando ad aggiungere alle loro capacit\u00e0, lavorazioni quali la serigrafia, l\u2019offset uv, la stampa a caldo, ecc.&nbsp;Una storia di crescita cos\u00ec degna di nota ed attenta al dettaglio ha fatto s\u00ec che il portfolio clienti risulti essere, ad oggi, altrettanto interessante: Acqua di Parma, Louis Vuitton, Christian Dior, Davines, sono solo alcuni dei nomi pi\u00f9 prestigiosi per cui l\u2019azienda produce le sue piccole opere d\u2019arte.Nel 2019 la Cavalieri &amp; Amoretti \u00e8 stata infine acquisita dal Gruppo Pusterla 1880, un gruppo italiano, leader europeo nella produzione degli imballaggi di lusso, che grazie a questa annessione ha avuto modo di ampliare la propria offerta, aggiungendo alle proprie capacit\u00e0 produttive il mondo dei cofanetti tondi, riuscendo cos\u00ec a fornire al cliente servizi e prodotti che guardano ad economie di scala e a sinergie cos\u00ec fuori dall\u2019ordinario in un settore specializzato..&nbsp;<\/p>\n","protected":false},"author":1,"featured_media":0,"parent":0,"menu_order":0,"comment_status":"closed","ping_status":"closed","template":"","meta":{"footnotes":""},"_links":{"self":[{"href":"https:\/\/cavalierieamoretti.com\/index.php?rest_route=\/wp\/v2\/pages\/26"}],"collection":[{"href":"https:\/\/cavalierieamoretti.com\/index.php?rest_route=\/wp\/v2\/pages"}],"about":[{"href":"https:\/\/cavalierieamoretti.com\/index.php?rest_route=\/wp\/v2\/types\/page"}],"author":[{"embeddable":true,"href":"https:\/\/cavalierieamoretti.com\/index.php?rest_route=\/wp\/v2\/users\/1"}],"replies":[{"embeddable":true,"href":"https:\/\/cavalierieamoretti.com\/index.php?rest_route=%2Fwp%2Fv2%2Fcomments&post=26"}],"version-history":[{"count":5,"href":"https:\/\/cavalierieamoretti.com\/index.php?rest_route=\/wp\/v2\/pages\/26\/revisions"}],"predecessor-version":[{"id":49,"href":"https:\/\/cavalierieamoretti.com\/index.php?rest_route=\/wp\/v2\/pages\/26\/revisions\/49"}],"wp:attachment":[{"href":"https:\/\/cavalierieamoretti.com\/index.php?rest_route=%2Fwp%2Fv2%2Fmedia&parent=26"}],"curies":[{"name":"wp","href":"https:\/\/api.w.org\/{rel}","templated":true}]}}