{"id":76,"date":"2024-01-08T08:16:04","date_gmt":"2024-01-08T08:16:04","guid":{"rendered":"https:\/\/cavalierieamoretti.com\/?page_id=76"},"modified":"2024-01-08T08:59:03","modified_gmt":"2024-01-08T08:59:03","slug":"modello-di-organizzazione","status":"publish","type":"page","link":"https:\/\/cavalierieamoretti.com\/?page_id=76","title":{"rendered":"Modello Di Organizzazione"},"content":{"rendered":"\n<p><em>Cavalieri &amp; Amoretti S.r.l. Societ\u00e0 Benefit ha adottato e implementato un Modello Organizzativo di Gestione e Controllo ai sensi del D. Lgs. 231\/01 volto a definire&nbsp;principi, regole di condotta, procedure e strumenti di controllo per prevenire la commissione dei reati rilevanti&nbsp;ai sensi del Decreto.<\/em> <em>Con l\u2019adozione, l\u2019attuazione e l\u2019aggiornamento del Modello, infatti, <\/em><em>Cavalieri &amp; Amoretti S.r.l. Societ\u00e0 Benefit ha arricchito il proprio sistema di controllo con uno strumento fondamentale per la tutela dell\u2019azienda, dei suoi dipendenti e dei suoi collaboratori, definendo con chiarezza l\u2019insieme dei valori ai quali si ispira e che vuole vengano rispettati.<\/em><\/p>\n\n\n\n<p class=\"has-medium-font-size\"><strong><em>MODELLO DI ORGANIZZAZIONE, GESTIONE E CONTROLLO AI SENSI DEL D. LGS. 231\/2001<\/em><\/strong><\/p>\n\n\n\n<p><em>In nessun modo la convinzione di agire a vantaggio della Societ\u00e0 pu\u00f2 giustificare l\u2019adozione di comportamenti in contrasto con i principi previsti dal Codice Etico e dal Modello.<\/em><\/p>\n\n\n\n<p><em>Il Modello di <\/em><em>Cavalieri &amp; Amoretti S.r.l. Societ\u00e0 Benefit si compone di una \u201cParte generale\u201d e di due \u201cParti speciali\u201d che definiscono rispettivamente le tipologie di reati commessi in violazione delle norme antinfortunistiche e le fattispecie di reati commessi in violazione delle norme di tutela ambientale, fornendo indicazioni dei protocolli di prevenzione applicabili.<\/em><\/p>\n\n\n\n<p><em>La Societ\u00e0 ha, inoltre, nominato un Organismo di Vigilanza con il compito di vigilare costantemente sull\u2019osservanza del Codice Etico e del Modello, da parte di tutti i destinatari, e sull\u2019attuazione dei principi e dei protocolli di prevenzione in essi contenuti.<\/em><\/p>\n\n\n\n<p><em>Per prendere visione del Modello di organizzazione gestione e controllo \u2013<\/em><\/p>\n\n\n\n<p><em>clicca qui <\/em> <a href=\"https:\/\/cavalierieamoretti.com\/?p=92\" data-type=\"post\" data-id=\"92\">Modello di organizzazione gestione e controllo<\/a><\/p>\n\n\n\n<hr class=\"wp-block-separator has-alpha-channel-opacity\"\/>\n\n\n\n<p><strong><em>CODICE ETICO<\/em><\/strong><\/p>\n\n\n\n<p><em>Il Codice Etico rappresenta,&nbsp;per&nbsp;tutti coloro che operano con e all&#8217;interno&nbsp;di <\/em><em>Cavalieri &amp; Amoretti S.r.l. Societ\u00e0 Benefit, lo strumento attraverso il quale la Societ\u00e0 esplicita i propri valori e propri principi di comportamento.<\/em><\/p>\n\n\n\n<p><em>Tutti coloro che intrattengono relazioni d\u2019affari con, in nome e&nbsp;per&nbsp;conto di <\/em><em>Cavalieri &amp; Amoretti S.r.l. Societ\u00e0 Benefit sono tenuti a contribuire alla sua attuazione e alla diffusione dei principi in esso formalizzati, affinch\u00e9 tutti i rapporti con gli enti esterni possano essere condotti sulla base della pi\u00f9 assoluta correttezza, in piena osservanza dei diritti altrui, nel rispetto delle leggi vigenti e dei principi di appartenenza all\u2019impresa.<\/em><\/p>\n\n\n\n<p><em>Alla base del Codice Etico vi \u00e8 un impegno di lungo termine, che si affianca e d\u00e0 fondamento alla strategia e agli obiettivi economici di sviluppo industriale di <\/em><em>Cavalieri &amp; Amoretti S.r.l. Societ\u00e0 Benefit.<\/em><\/p>\n\n\n\n<p><em>Per la visione del documento clicca qui <\/em> <a href=\"https:\/\/cavalierieamoretti.com\/?p=87\" data-type=\"post\" data-id=\"87\">Codice Etico<\/a><\/p>\n\n\n\n<hr class=\"wp-block-separator has-alpha-channel-opacity\"\/>\n\n\n\n<p><strong><em>SEGNALAZIONI ALL\u2019ORGANISMO DI VIGILANZA<\/em><\/strong><\/p>\n\n\n\n<p><em>Cavalieri &amp; Amoretti S.r.l. Societ\u00e0 Benefit ha adottato una procedura di gestione delle segnalazioni dirette all\u2019Organismo di Vigilanza della societ\u00e0, con la quale sono stati istituiti canali informativi idonei a consentire la comunicazione di eventuali violazioni del Codice Etico e del Modello di Organizzazione e Gestione.<\/em><\/p>\n\n\n\n<p><em>Ogni violazione o sospetto di violazione dei principi del Codice Etico ed ogni informazione utile pu\u00f2 essere inviata all\u2019Organismo di Vigilanza al seguente indirizzo mail: <strong>odv.cavalierieamoretti@gmail.com<\/strong><\/em><\/p>\n\n\n\n<p><em>TUTELA DEL SEGNALANTE (WHISTLEBLOWING)<\/em><\/p>\n\n\n\n<p><em>I dipendenti e le terze parti possono inviare, con la massima garanzia di riservatezza, segnalazioni circostanziate di fenomeni illeciti e comportamenti sospetti, di irregolarit\u00e0 nella conduzione aziendale, di atti o fatti che possano costituire una violazione delle norme, interne ed esterne, che disciplinano l\u2019attivit\u00e0 di <\/em><em>Cavalieri &amp; Amoretti S.r.l. Societ\u00e0 Benefit, dei principi e delle regole di comportamento contenuti nel Codice Etico.<\/em><\/p>\n\n\n\n<p><em>I dati personali presenti nelle segnalazioni sono trattati nel pieno rispetto della vigente normativa sulla privacy (decreto legislativo 20 giugno 2003, n. 196, cos\u00ec come modificato dal D. Lgs. n. 101\/2018, e Reg. UE 2016\/679), con particolare riguardo all\u2019identit\u00e0 del segnalante. Il Titolare del trattamento dei dati \u00e8 Cavalieri &amp; Amoretti S.r.l. Societ\u00e0 Benefit, in personale del Legale Rappresentante, con sede in via Partigiani D&#8217;Italia, 6, 43055 Mezzano Superiore (PR).<\/em><\/p>\n\n\n\n<p><em>Ad eccezione dei casi in cui sia configurabile una responsabilit\u00e0 a titolo di calunnia e di diffamazione ai sensi delle disposizioni del codice penale o dell\u2019art. 2043 del codice civile e delle ipotesi in cui l\u2019anonimato non \u00e8 opponibile per legge (es. indagini penali, tributarie o amministrative, ispezioni di organi di controllo) l\u2019identit\u00e0 del segnalante viene protetta in ogni contesto successivo alla segnalazione.<\/em><\/p>\n\n\n\n<p><em>Pertanto, fatte salve le eccezioni di cui sopra, l\u2019identit\u00e0 del segnalante non pu\u00f2 essere rivelata senza il suo espresso consenso e tutto il personale, a qualunque titolo coinvolto nella gestione di una segnalazione, \u00e8 tenuto a mantenere la massima riservatezza ed al rispetto della normativa vigente in tema di privacy, considerando ogni informazione come \u201csensibile\u201d.<\/em><\/p>\n\n\n\n<hr class=\"wp-block-separator has-alpha-channel-opacity\"\/>\n\n\n\n<p><strong><em>RESPONSABILITA\u2019 SOCIALE<\/em><\/strong><\/p>\n\n\n\n<p><em>Cavalieri &amp; Amoretti S.r.l. Societ\u00e0 Benefit ha deciso di implementare un sistema di gestione della Responsabilit\u00e0 Sociale conforme alla norma SA 8000:2014 <\/em><strong>(Link per il certificato SA 8000).<\/strong><em> La certificazione SA 8000 risponde ad esigenze che includono il lavoro forzato e minorile, la sicurezza e la salute sul lavoro, la libert\u00e0 di associazione e di contrattazione collettiva, la discriminazione, le pratiche disciplinari, le ore di lavoro, compensi e sistemi di gestione.<\/em><\/p>\n\n\n\n<p><em>Adottare questa certificazione significa sottoscrivere un impegno trasparente e tangibile nello sviluppo sostenibile e in particolare per le tematiche sociali.<\/em><\/p>\n\n\n\n<p><em>Le finalit\u00e0 che Cavalieri &amp; Amoretti si impegna a rispettare sono descritte nella Politica per la Responsabilit\u00e0 Sociale.<\/em><\/p>\n\n\n\n<p><em>Per la visione del documento clicca qui <\/em><a href=\"https:\/\/cavalierieamoretti.com\/?p=96\" data-type=\"post\" data-id=\"96\">Politica per la Responsabilit\u00e0 Sociale<\/a><\/p>\n","protected":false},"excerpt":{"rendered":"<p>Cavalieri &amp; Amoretti S.r.l. Societ\u00e0 Benefit ha adottato e implementato un Modello Organizzativo di Gestione e Controllo ai sensi del D. Lgs. 231\/01 volto a definire&nbsp;principi, regole di condotta, procedure e strumenti di controllo per prevenire la commissione dei reati rilevanti&nbsp;ai sensi del Decreto. Con l\u2019adozione, l\u2019attuazione e l\u2019aggiornamento del Modello, infatti, Cavalieri &amp; Amoretti S.r.l. Societ\u00e0 Benefit ha arricchito il proprio sistema di controllo con uno strumento fondamentale per la tutela dell\u2019azienda, dei suoi dipendenti e dei suoi collaboratori, definendo con chiarezza l\u2019insieme dei valori ai quali si ispira e che vuole vengano rispettati. MODELLO DI ORGANIZZAZIONE, GESTIONE E CONTROLLO AI SENSI DEL D. LGS. 231\/2001 In nessun modo la convinzione di agire a vantaggio della Societ\u00e0 pu\u00f2 giustificare l\u2019adozione di comportamenti in contrasto con i principi previsti dal Codice Etico e dal Modello. Il Modello di Cavalieri &amp; Amoretti S.r.l. Societ\u00e0 Benefit si compone di una \u201cParte generale\u201d e di due \u201cParti speciali\u201d che definiscono rispettivamente le tipologie di reati commessi in violazione delle norme antinfortunistiche e le fattispecie di reati commessi in violazione delle norme di tutela ambientale, fornendo indicazioni dei protocolli di prevenzione applicabili. La Societ\u00e0 ha, inoltre, nominato un Organismo di Vigilanza con il compito di vigilare costantemente sull\u2019osservanza del Codice Etico e del Modello, da parte di tutti i destinatari, e sull\u2019attuazione dei principi e dei protocolli di prevenzione in essi contenuti. Per prendere visione del Modello di organizzazione gestione e controllo \u2013 clicca qui Modello di organizzazione gestione e controllo CODICE ETICO Il Codice Etico rappresenta,&nbsp;per&nbsp;tutti coloro che operano con e all&#8217;interno&nbsp;di Cavalieri &amp; Amoretti S.r.l. Societ\u00e0 Benefit, lo strumento attraverso il quale la Societ\u00e0 esplicita i propri valori e propri principi di comportamento. Tutti coloro che intrattengono relazioni d\u2019affari con, in nome e&nbsp;per&nbsp;conto di Cavalieri &amp; Amoretti S.r.l. Societ\u00e0 Benefit sono tenuti a contribuire alla sua attuazione e alla diffusione dei principi in esso formalizzati, affinch\u00e9 tutti i rapporti con gli enti esterni possano essere condotti sulla base della pi\u00f9 assoluta correttezza, in piena osservanza dei diritti altrui, nel rispetto delle leggi vigenti e dei principi di appartenenza all\u2019impresa. Alla base del Codice Etico vi \u00e8 un impegno di lungo termine, che si affianca e d\u00e0 fondamento alla strategia e agli obiettivi economici di sviluppo industriale di Cavalieri &amp; Amoretti S.r.l. Societ\u00e0 Benefit. Per la visione del documento clicca qui Codice Etico SEGNALAZIONI ALL\u2019ORGANISMO DI VIGILANZA Cavalieri &amp; Amoretti S.r.l. Societ\u00e0 Benefit ha adottato una procedura di gestione delle segnalazioni dirette all\u2019Organismo di Vigilanza della societ\u00e0, con la quale sono stati istituiti canali informativi idonei a consentire la comunicazione di eventuali violazioni del Codice Etico e del Modello di Organizzazione e Gestione. Ogni violazione o sospetto di violazione dei principi del Codice Etico ed ogni informazione utile pu\u00f2 essere inviata all\u2019Organismo di Vigilanza al seguente indirizzo mail: odv.cavalierieamoretti@gmail.com TUTELA DEL SEGNALANTE (WHISTLEBLOWING) I dipendenti e le terze parti possono inviare, con la massima garanzia di riservatezza, segnalazioni circostanziate di fenomeni illeciti e comportamenti sospetti, di irregolarit\u00e0 nella conduzione aziendale, di atti o fatti che possano costituire una violazione delle norme, interne ed esterne, che disciplinano l\u2019attivit\u00e0 di Cavalieri &amp; Amoretti S.r.l. Societ\u00e0 Benefit, dei principi e delle regole di comportamento contenuti nel Codice Etico. I dati personali presenti nelle segnalazioni sono trattati nel pieno rispetto della vigente normativa sulla privacy (decreto legislativo 20 giugno 2003, n. 196, cos\u00ec come modificato dal D. Lgs. n. 101\/2018, e Reg. UE 2016\/679), con particolare riguardo all\u2019identit\u00e0 del segnalante. Il Titolare del trattamento dei dati \u00e8 Cavalieri &amp; Amoretti S.r.l. Societ\u00e0 Benefit, in personale del Legale Rappresentante, con sede in via Partigiani D&#8217;Italia, 6, 43055 Mezzano Superiore (PR). Ad eccezione dei casi in cui sia configurabile una responsabilit\u00e0 a titolo di calunnia e di diffamazione ai sensi delle disposizioni del codice penale o dell\u2019art. 2043 del codice civile e delle ipotesi in cui l\u2019anonimato non \u00e8 opponibile per legge (es. indagini penali, tributarie o amministrative, ispezioni di organi di controllo) l\u2019identit\u00e0 del segnalante viene protetta in ogni contesto successivo alla segnalazione. Pertanto, fatte salve le eccezioni di cui sopra, l\u2019identit\u00e0 del segnalante non pu\u00f2 essere rivelata senza il suo espresso consenso e tutto il personale, a qualunque titolo coinvolto nella gestione di una segnalazione, \u00e8 tenuto a mantenere la massima riservatezza ed al rispetto della normativa vigente in tema di privacy, considerando ogni informazione come \u201csensibile\u201d. RESPONSABILITA\u2019 SOCIALE Cavalieri &amp; Amoretti S.r.l. Societ\u00e0 Benefit ha deciso di implementare un sistema di gestione della Responsabilit\u00e0 Sociale conforme alla norma SA 8000:2014 (Link per il certificato SA 8000). La certificazione SA 8000 risponde ad esigenze che includono il lavoro forzato e minorile, la sicurezza e la salute sul lavoro, la libert\u00e0 di associazione e di contrattazione collettiva, la discriminazione, le pratiche disciplinari, le ore di lavoro, compensi e sistemi di gestione. Adottare questa certificazione significa sottoscrivere un impegno trasparente e tangibile nello sviluppo sostenibile e in particolare per le tematiche sociali. Le finalit\u00e0 che Cavalieri &amp; Amoretti si impegna a rispettare sono descritte nella Politica per la Responsabilit\u00e0 Sociale. Per la visione del documento clicca qui Politica per la Responsabilit\u00e0 Sociale<\/p>\n","protected":false},"author":1,"featured_media":0,"parent":0,"menu_order":0,"comment_status":"closed","ping_status":"closed","template":"","meta":{"footnotes":""},"_links":{"self":[{"href":"https:\/\/cavalierieamoretti.com\/index.php?rest_route=\/wp\/v2\/pages\/76"}],"collection":[{"href":"https:\/\/cavalierieamoretti.com\/index.php?rest_route=\/wp\/v2\/pages"}],"about":[{"href":"https:\/\/cavalierieamoretti.com\/index.php?rest_route=\/wp\/v2\/types\/page"}],"author":[{"embeddable":true,"href":"https:\/\/cavalierieamoretti.com\/index.php?rest_route=\/wp\/v2\/users\/1"}],"replies":[{"embeddable":true,"href":"https:\/\/cavalierieamoretti.com\/index.php?rest_route=%2Fwp%2Fv2%2Fcomments&post=76"}],"version-history":[{"count":8,"href":"https:\/\/cavalierieamoretti.com\/index.php?rest_route=\/wp\/v2\/pages\/76\/revisions"}],"predecessor-version":[{"id":99,"href":"https:\/\/cavalierieamoretti.com\/index.php?rest_route=\/wp\/v2\/pages\/76\/revisions\/99"}],"wp:attachment":[{"href":"https:\/\/cavalierieamoretti.com\/index.php?rest_route=%2Fwp%2Fv2%2Fmedia&parent=76"}],"curies":[{"name":"wp","href":"https:\/\/api.w.org\/{rel}","templated":true}]}}